{"id":30890,"date":"2025-03-08T16:15:58","date_gmt":"2025-03-08T16:15:58","guid":{"rendered":"https:\/\/staging.quantfury.io\/licenses\/"},"modified":"2025-03-26T20:00:53","modified_gmt":"2025-03-26T20:00:53","slug":"licencas","status":"publish","type":"page","link":"https:\/\/staging.quantfury.io\/portuge\/licencas\/","title":{"rendered":"Licen\u00e7as"},"content":{"rendered":"<section\n        class=\"s-intro  content-default    right  \">\n            <div class=\"s-intro__picture\">\n                <img loading=\"lazy\" decoding=\"async\" class=\"s-intro__img right el-image\" src=\"https:\/\/staging.quantfury.io\/wp-content\/uploads\/2025\/03\/i-Licenses.svg\" alt=\"\"  width=\"1\" height=\"1\">\n        <\/div>\n            <div class=\"s-intro__container\">\n                    <h1 class=\"s-intro__title\">\n                Licen\u00e7as\n            <\/h1>\n        \n                    <div class=\"s-intro__description\">\n                Informa\u00e7\u00f5es Regulamentares da Quantfury Brokerages.\n            <\/div>\n        \n        \n                        <div class=\"s-intro__divider el-divider el-divider--colorfully\">\n            <div class=\"diamond\"><\/div>\n            <div class=\"diamond\"><\/div>\n        <\/div>\n    <\/div>\n    <div class=\"el-lines\">\n        <div class=\"el-lines__line\"><\/div>\n        <div class=\"el-lines__line\"><\/div>\n        <div class=\"el-lines__line\"><\/div>\n        <div class=\"el-lines__line\"><\/div>\n        <div class=\"el-lines__line\"><\/div>\n    <\/div>\n<\/section>\n\n    <section class=\"s-license-list\">\n        <div class=\"s-license-list__container\">\n            <div class=\"s-license-list__items\">\n                                    <div class=\"s-license-list__item\">\n                        <h2 class=\"s-license-list__title\">Reino Unido<\/h2>\n                        <div class=\"s-license-list__text\">\n                            <p>A Quantfury Trading UK Limited \u00e9 autorizada pela Autoridade de Conduta Financeira do Reino Unido, FCA n\u00famero 577611 e \u00e9 uma Institui\u00e7\u00e3o de Pagamento Autorizada. A Quantfury Trading UK Limited est\u00e1 constitu\u00edda na Inglaterra e no Pa\u00eds de Gales sob o n\u00famero da Companies House 04977383. Escrit\u00f3rio registado: 1 Bolton Street, Floor 4, Londres W1J 8HY.<\/p>\n<div id=\"gtx-trans\" style=\"position: absolute; left: 346px; top: 39px;\">\n<div class=\"gtx-trans-icon\"><\/div>\n<\/div>\n\n                        <\/div>\n                    <\/div>\n                    <div class=\"s-license-list__divider el-divider el-divider--secondary\">\n                        <div class=\"diamond\"><\/div>\n                        <div class=\"diamond\"><\/div>\n                    <\/div>\n                                    <div class=\"s-license-list__item\">\n                        <h2 class=\"s-license-list__title\">Bahamas<\/h2>\n                        <div class=\"s-license-list__text\">\n                            <p>A Quantfury \u00e9 autorizada e regulada pela Securities Commission of The Bahamas. N\u00famero de licen\u00e7a de revendedor SBA SIA-F204. A Quantfury \u00e9 autorizada pela Comiss\u00e3o de Valores Mobili\u00e1rios das Bahamas como custodiante de ativos digitais sob o n\u00famero de licen\u00e7a de provedor de carteira FCSPA NO. F-034. Sede registada 4th Floor, Lyford Cay House, Western Rd, Nassau, Bahamas.<\/p>\n\n                        <\/div>\n                    <\/div>\n                    <div class=\"s-license-list__divider el-divider \">\n                        <div class=\"diamond\"><\/div>\n                        <div class=\"diamond\"><\/div>\n                    <\/div>\n                                    <div class=\"s-license-list__item\">\n                        <h2 class=\"s-license-list__title\">Col\u00f4mbia<\/h2>\n                        <div class=\"s-license-list__text\">\n                            <p>A Quantfury Trading Limited est\u00e1 autorizada pela Superintend\u00eancia Financeira da Col\u00f4mbia (SFC) ao abrigo da Resolu\u00e7\u00e3o 2287 de 2024 como Escrit\u00f3rio de Representa\u00e7\u00e3o para promover e publicitar ativamente os seus produtos e servi\u00e7os de mercados de valores mobili\u00e1rios no estrangeiro para residentes colombianos e investidores de qualquer tipo. O Escrit\u00f3rio de Representa\u00e7\u00e3o da Quantfury Trading Limited \u00e9 supervisionado pela Superintend\u00eancia Financeira da Col\u00f4mbia (SFC) de acordo com as suas normas e pr\u00e1ticas regulamentares.<\/p>\n\n                        <\/div>\n                    <\/div>\n                    <div class=\"s-license-list__divider el-divider el-divider--secondary\">\n                        <div class=\"diamond\"><\/div>\n                        <div class=\"diamond\"><\/div>\n                    <\/div>\n                            <\/div>\n        <\/div>\n        <div class=\"el-lines\">\n            <div class=\"el-lines__line\"><\/div>\n            <div class=\"el-lines__line\"><\/div>\n            <div class=\"el-lines__line\"><\/div>\n            <div class=\"el-lines__line\"><\/div>\n            <div class=\"el-lines__line\"><\/div>\n        <\/div>\n    <\/section>\n","protected":false},"excerpt":{"rendered":"","protected":false},"author":1,"featured_media":0,"parent":0,"menu_order":0,"comment_status":"closed","ping_status":"closed","template":"","meta":{"_acf_changed":false,"inline_featured_image":false,"footnotes":""},"class_list":["post-30890","page","type-page","status-publish","hentry"],"acf":[],"yoast_head":"<!-- This site is optimized with the Yoast SEO Premium plugin v26.8 (Yoast SEO v26.8) - https:\/\/yoast.com\/product\/yoast-seo-premium-wordpress\/ -->\n<title>Licen\u00e7as | Quantfury<\/title>\n<meta name=\"description\" content=\"Informa\u00e7\u00f5es Regulamentares da Quantfury Brokerages.\" \/>\n<meta name=\"robots\" content=\"noindex, follow, max-snippet:-1, max-image-preview:large, max-video-preview:-1\" \/>\n<meta property=\"og:locale\" content=\"pt_PT\" \/>\n<meta property=\"og:type\" content=\"article\" \/>\n<meta property=\"og:title\" content=\"Licen\u00e7as | Quantfury\" \/>\n<meta property=\"og:description\" content=\"Informa\u00e7\u00f5es Regulamentares da Quantfury Brokerages.\" \/>\n<meta property=\"og:url\" content=\"https:\/\/staging.quantfury.io\/portuge\/licencas\/\" \/>\n<meta property=\"og:site_name\" content=\"Quantfury\" \/>\n<meta property=\"article:modified_time\" content=\"2025-03-26T20:00:53+00:00\" \/>\n<meta property=\"og:image\" content=\"https:\/\/staging.quantfury.io\/wp-content\/uploads\/2025\/04\/Prev-Image-v7.png\" \/>\n\t<meta property=\"og:image:width\" content=\"1200\" \/>\n\t<meta property=\"og:image:height\" content=\"630\" \/>\n\t<meta property=\"og:image:type\" content=\"image\/png\" \/>\n<meta name=\"twitter:card\" content=\"summary_large_image\" \/>\n<meta name=\"twitter:description\" content=\"Informa\u00e7\u00f5es Regulamentares da Quantfury Brokerages.\" \/>\n<meta name=\"twitter:site\" content=\"@quantfury\" \/>\n<meta name=\"twitter:label1\" content=\"Tempo estimado de leitura\" \/>\n\t<meta name=\"twitter:data1\" content=\"1 minuto\" \/>\n<script type=\"application\/ld+json\" class=\"yoast-schema-graph\">{\"@context\":\"https:\/\/schema.org\",\"@graph\":[{\"@type\":\"Article\",\"@id\":\"https:\/\/staging.quantfury.io\/portuge\/licencas\/#article\",\"isPartOf\":{\"@id\":\"https:\/\/staging.quantfury.io\/portuge\/licencas\/\"},\"author\":{\"name\":\"Quantfury\",\"@id\":\"https:\/\/staging.quantfury.io\/#\/schema\/person\/a9f7e8493050fd0144e9482425234990\"},\"headline\":\"Licen\u00e7as\",\"datePublished\":\"2025-03-08T16:15:58+00:00\",\"dateModified\":\"2025-03-26T20:00:53+00:00\",\"mainEntityOfPage\":{\"@id\":\"https:\/\/staging.quantfury.io\/portuge\/licencas\/\"},\"wordCount\":2,\"publisher\":{\"@id\":\"https:\/\/staging.quantfury.io\/#organization\"},\"inLanguage\":\"pt-PT\"},{\"@type\":\"WebPage\",\"@id\":\"https:\/\/staging.quantfury.io\/portuge\/licencas\/\",\"url\":\"https:\/\/staging.quantfury.io\/portuge\/licencas\/\",\"name\":\"Licen\u00e7as | Quantfury\",\"isPartOf\":{\"@id\":\"https:\/\/staging.quantfury.io\/#website\"},\"datePublished\":\"2025-03-08T16:15:58+00:00\",\"dateModified\":\"2025-03-26T20:00:53+00:00\",\"description\":\"Informa\u00e7\u00f5es Regulamentares da Quantfury Brokerages.\",\"breadcrumb\":{\"@id\":\"https:\/\/staging.quantfury.io\/portuge\/licencas\/#breadcrumb\"},\"inLanguage\":\"pt-PT\",\"potentialAction\":[{\"@type\":\"ReadAction\",\"target\":[\"https:\/\/staging.quantfury.io\/portuge\/licencas\/\"]}]},{\"@type\":\"BreadcrumbList\",\"@id\":\"https:\/\/staging.quantfury.io\/portuge\/licencas\/#breadcrumb\",\"itemListElement\":[{\"@type\":\"ListItem\",\"position\":1,\"name\":\"Home\",\"item\":\"https:\/\/staging.quantfury.io\/portuge\/\"},{\"@type\":\"ListItem\",\"position\":2,\"name\":\"Licen\u00e7as\"}]},{\"@type\":\"WebSite\",\"@id\":\"https:\/\/staging.quantfury.io\/#website\",\"url\":\"https:\/\/staging.quantfury.io\/\",\"name\":\"Quantfury\",\"description\":\"\",\"publisher\":{\"@id\":\"https:\/\/staging.quantfury.io\/#organization\"},\"potentialAction\":[{\"@type\":\"SearchAction\",\"target\":{\"@type\":\"EntryPoint\",\"urlTemplate\":\"https:\/\/staging.quantfury.io\/?s={search_term_string}\"},\"query-input\":{\"@type\":\"PropertyValueSpecification\",\"valueRequired\":true,\"valueName\":\"search_term_string\"}}],\"inLanguage\":\"pt-PT\"},{\"@type\":\"Organization\",\"@id\":\"https:\/\/staging.quantfury.io\/#organization\",\"name\":\"Quantfury\",\"url\":\"https:\/\/staging.quantfury.io\/\",\"logo\":{\"@type\":\"ImageObject\",\"inLanguage\":\"pt-PT\",\"@id\":\"https:\/\/staging.quantfury.io\/#\/schema\/logo\/image\/\",\"url\":\"https:\/\/staging.quantfury.io\/wp-content\/uploads\/2021\/04\/logo.svg\",\"contentUrl\":\"https:\/\/staging.quantfury.io\/wp-content\/uploads\/2021\/04\/logo.svg\",\"width\":165,\"height\":36,\"caption\":\"Quantfury\"},\"image\":{\"@id\":\"https:\/\/staging.quantfury.io\/#\/schema\/logo\/image\/\"},\"sameAs\":[\"https:\/\/x.com\/quantfury\",\"https:\/\/instagram.com\/quantfury\",\"https:\/\/www.linkedin.com\/company\/quantfury\/\",\"https:\/\/www.youtube.com\/c\/Quantfury\"]},{\"@type\":\"Person\",\"@id\":\"https:\/\/staging.quantfury.io\/#\/schema\/person\/a9f7e8493050fd0144e9482425234990\",\"name\":\"Quantfury\",\"sameAs\":[\"https:\/\/staging.quantfury.io\"],\"url\":\"https:\/\/staging.quantfury.io\/portuge\/author\/admin\/\"}]}<\/script>\n<!-- \/ Yoast SEO Premium plugin. -->","yoast_head_json":{"title":"Licen\u00e7as | Quantfury","description":"Informa\u00e7\u00f5es Regulamentares da Quantfury Brokerages.","robots":{"index":"noindex","follow":"follow","max-snippet":"max-snippet:-1","max-image-preview":"max-image-preview:large","max-video-preview":"max-video-preview:-1"},"og_locale":"pt_PT","og_type":"article","og_title":"Licen\u00e7as | Quantfury","og_description":"Informa\u00e7\u00f5es Regulamentares da Quantfury Brokerages.","og_url":"https:\/\/staging.quantfury.io\/portuge\/licencas\/","og_site_name":"Quantfury","article_modified_time":"2025-03-26T20:00:53+00:00","og_image":[{"width":1200,"height":630,"url":"https:\/\/staging.quantfury.io\/wp-content\/uploads\/2025\/04\/Prev-Image-v7.png","type":"image\/png"}],"twitter_card":"summary_large_image","twitter_description":"Informa\u00e7\u00f5es Regulamentares da Quantfury Brokerages.","twitter_site":"@quantfury","twitter_misc":{"Tempo estimado de leitura":"1 minuto"},"schema":{"@context":"https:\/\/schema.org","@graph":[{"@type":"Article","@id":"https:\/\/staging.quantfury.io\/portuge\/licencas\/#article","isPartOf":{"@id":"https:\/\/staging.quantfury.io\/portuge\/licencas\/"},"author":{"name":"Quantfury","@id":"https:\/\/staging.quantfury.io\/#\/schema\/person\/a9f7e8493050fd0144e9482425234990"},"headline":"Licen\u00e7as","datePublished":"2025-03-08T16:15:58+00:00","dateModified":"2025-03-26T20:00:53+00:00","mainEntityOfPage":{"@id":"https:\/\/staging.quantfury.io\/portuge\/licencas\/"},"wordCount":2,"publisher":{"@id":"https:\/\/staging.quantfury.io\/#organization"},"inLanguage":"pt-PT"},{"@type":"WebPage","@id":"https:\/\/staging.quantfury.io\/portuge\/licencas\/","url":"https:\/\/staging.quantfury.io\/portuge\/licencas\/","name":"Licen\u00e7as | Quantfury","isPartOf":{"@id":"https:\/\/staging.quantfury.io\/#website"},"datePublished":"2025-03-08T16:15:58+00:00","dateModified":"2025-03-26T20:00:53+00:00","description":"Informa\u00e7\u00f5es Regulamentares da Quantfury Brokerages.","breadcrumb":{"@id":"https:\/\/staging.quantfury.io\/portuge\/licencas\/#breadcrumb"},"inLanguage":"pt-PT","potentialAction":[{"@type":"ReadAction","target":["https:\/\/staging.quantfury.io\/portuge\/licencas\/"]}]},{"@type":"BreadcrumbList","@id":"https:\/\/staging.quantfury.io\/portuge\/licencas\/#breadcrumb","itemListElement":[{"@type":"ListItem","position":1,"name":"Home","item":"https:\/\/staging.quantfury.io\/portuge\/"},{"@type":"ListItem","position":2,"name":"Licen\u00e7as"}]},{"@type":"WebSite","@id":"https:\/\/staging.quantfury.io\/#website","url":"https:\/\/staging.quantfury.io\/","name":"Quantfury","description":"","publisher":{"@id":"https:\/\/staging.quantfury.io\/#organization"},"potentialAction":[{"@type":"SearchAction","target":{"@type":"EntryPoint","urlTemplate":"https:\/\/staging.quantfury.io\/?s={search_term_string}"},"query-input":{"@type":"PropertyValueSpecification","valueRequired":true,"valueName":"search_term_string"}}],"inLanguage":"pt-PT"},{"@type":"Organization","@id":"https:\/\/staging.quantfury.io\/#organization","name":"Quantfury","url":"https:\/\/staging.quantfury.io\/","logo":{"@type":"ImageObject","inLanguage":"pt-PT","@id":"https:\/\/staging.quantfury.io\/#\/schema\/logo\/image\/","url":"https:\/\/staging.quantfury.io\/wp-content\/uploads\/2021\/04\/logo.svg","contentUrl":"https:\/\/staging.quantfury.io\/wp-content\/uploads\/2021\/04\/logo.svg","width":165,"height":36,"caption":"Quantfury"},"image":{"@id":"https:\/\/staging.quantfury.io\/#\/schema\/logo\/image\/"},"sameAs":["https:\/\/x.com\/quantfury","https:\/\/instagram.com\/quantfury","https:\/\/www.linkedin.com\/company\/quantfury\/","https:\/\/www.youtube.com\/c\/Quantfury"]},{"@type":"Person","@id":"https:\/\/staging.quantfury.io\/#\/schema\/person\/a9f7e8493050fd0144e9482425234990","name":"Quantfury","sameAs":["https:\/\/staging.quantfury.io"],"url":"https:\/\/staging.quantfury.io\/portuge\/author\/admin\/"}]}},"_links":{"self":[{"href":"https:\/\/staging.quantfury.io\/portuge\/wp-json\/wp\/v2\/pages\/30890","targetHints":{"allow":["GET"]}}],"collection":[{"href":"https:\/\/staging.quantfury.io\/portuge\/wp-json\/wp\/v2\/pages"}],"about":[{"href":"https:\/\/staging.quantfury.io\/portuge\/wp-json\/wp\/v2\/types\/page"}],"author":[{"embeddable":true,"href":"https:\/\/staging.quantfury.io\/portuge\/wp-json\/wp\/v2\/users\/1"}],"replies":[{"embeddable":true,"href":"https:\/\/staging.quantfury.io\/portuge\/wp-json\/wp\/v2\/comments?post=30890"}],"version-history":[{"count":3,"href":"https:\/\/staging.quantfury.io\/portuge\/wp-json\/wp\/v2\/pages\/30890\/revisions"}],"predecessor-version":[{"id":32456,"href":"https:\/\/staging.quantfury.io\/portuge\/wp-json\/wp\/v2\/pages\/30890\/revisions\/32456"}],"wp:attachment":[{"href":"https:\/\/staging.quantfury.io\/portuge\/wp-json\/wp\/v2\/media?parent=30890"}],"curies":[{"name":"wp","href":"https:\/\/api.w.org\/{rel}","templated":true}]}}